 -d**3 - 6*d**2 - d + 10*d**2 + 0*d - d - j. What is v(3)?
-1
Suppose -5*o - 5 - 45 = 3*y, 0 = 5*o - y + 50. Let c(f) be the second derivative of f**3/2 + 21*f**2/2 + 86*f. What is c(o)?
-9
Let x(k) = -5*k + 15026 + 6*k + 0*k - 15089 + 6*k. Give x(13).
28
Suppose -40 = -3*o + 2*b, b + 4 = 5*b. Let i be 65/(-11) - o/154. Let g(x) = x + 13. Determine g(i).
7
Let y be (-2 + 0 + 0)/(-2). Suppose 0 = -2*w - 2*i + 12, 5*w = -3*i + 12 + 12. Let v(u) = -7*u**w - 1 + 8*u**3 + 6*u**3 + u**2. Determine v(y).
7
Suppose -25*f + 2*f = -161. Suppose f*h + 368 = 417. Let u(n) = n**2 - 8*n + 10. What is u(h)?
3
Let u be -4 + 0/2 + -4. Let y(x) = -141*x - 28. Let r(k) = -56*k - 13. Let c(w) = -5*r(w) + 2*y(w). What is c(u)?
25
Let r be ((-432)/45)/(((-4)/4)/5). Let q be (75/(-10))/(-5)*r/(-9). Let s(i) be the first derivative of i**3/3 + 4*i**2 + i - 2. What is s(q)?
1
Let l(f) be the second derivative of -5/6*f**3 - 1/12*f**4 + 27 - 1/2*f**2 - 5*f. Determine l(-3).
5
Let b(q) be the second derivative of 1/3*q**3 + 0 + 7*q**2 - 12*q. Let m(a) = -a**3 - 23*a**2 + 13*a + 289. Let h be m(-23). Give b(h).
-6
Let j(l) = -2*l**2 - l + 4. Let s(g) = g**2 + g - 2. Let x(b) = 6*j(b) + 14*s(b). Let c = 27176 - 27182. Determine x(c).
20
Suppose -4*i + 26 = 10. Let q be (20/24)/(i/24). Let l(x) = -5*x**2 + 7*x + q*x - 6*x - 2*x + x**3. Calculate l(4).
0
Let q(o) = 2*o**2 - o + 19. Let a be q(-8). Let h = a - 161. Let g(r) = r**2 + 7*r + 9. What is g(h)?
3
Let o(v) be the third derivative of v**6/180 - 7*v**5/120 - v**4/24 + 19*v**3/6 + 2*v**2 + 4*v. Let h(c) be the first derivative of o(c). Give h(5).
14
Let z(i) = -i**3 - 2*i**2 + 3*i + 15. Let r(l) = -l**3 - 3*l**2 + 4*l + 17. Let o = -46 + 52. Let t(g) = o*z(g) - 5*r(g). Give t(4).
-19
Let g(o) = -84*o + 172*o - 73*o**3 + 34*o**3 - 1 - 89*o + 26*o**3 + o**2. Give g(-1).
14
Let v(n) = 7*n + 2*n**2 - 2*n**2 + 2 - n**2. Let c be (-8797)/(-285) - 4/(-30). Suppose 14 = 9*q - c. Give v(q).
12
Let k(w) be the first derivative of 3*w**2/2 - 7*w + 15079. Let z = 8 + -8. Give k(z).
-7
Let k(t) = t**3 + 13*t**2 + 6*t + 8. Let c(w) = 2*w**3 + 22*w**2 + 11*w + 15. Let m(h) = 3*c(h) - 5*k(h). Give m(-2).
-5
Let z be 11*1 - 1/(2/6). Let w = -6 + z. Let c(y) = -y**3 - y - 56 - y**3 - w*y**2 + 56. Determine c(-1).
1
Let g = 52 - 48. Suppose -g*u - 22 = -15*u. Let r(t) = t**2 + 2*t + 1. What is r(u)?
9
Let i(q) = -q**3 - 2*q**2 - 2. Suppose 42 = -4*w + w. Let d = w + 23. Suppose -6*s + d*s + 9 = 0. Calculate i(s).
7
Let y(q) = q**2 + 2 + 2 + 5 - 8*q. Let o be (2 - 10) + (-315)/(-21 + 0). Calculate y(o).
2
Let j(c) = -c**3 - 23*c**2 + 44*c - 161. Suppose -377*m - 9524 + 99 = 0. Determine j(m).
-11
Let a(z) = -2*z**2 + 28*z - 7. Let i(w) = w**2 + 7*w - 21*w + 68069 - 68065. Let p(u) = 2*a(u) + 5*i(u). What is p(14)?
6
Let g = 48061 - 48076. Let c(t) = 3*t**3 + 62*t**2 - 14*t + 74. Let b(i) = i**3 + 21*i**2 - 5*i + 25. Let o(u) = -17*b(u) + 6*c(u). Calculate o(g).
4
Suppose -4*q - 16 = -4*v, -3*v - 89*q + 4 = -84*q. Let n(y) = -y**3 + 3*y**2 - 2. Calculate n(v).
-2
Let d(j) = -2*j**3 - 4*j**2 + 6*j + 3. Let p be ((-15)/(-9))/(5/15). Suppose 28 = -p*s + 4*l, -3*l + 18 = -s - 2*s. Give d(s).
43
Let h(t) = 25*t - 24. Let n = -17228 - -17231. Give h(n).
51
Let v(f) = 10*f**3 - 4*f**2 - 11*f + 2. Let i(x) = 6*x**3 - 3*x**2 - 9*x + 2. Let m(u) = 4*i(u) - 3*v(u). Calculate m(1).
-7
Let x(n) be the second derivative of -n**5/20 - 13*n**4/12 - 2*n**3 + 14*n**2 + 487*n. What is x(-12)?
28
Let q(s) be the second derivative of 5*s**4/12 - 40*s**3/3 + 5*s**2/2 + 66*s - 7. Calculate q(16).
5
Let c(o) = o**2 + 7*o - 15. Let v be c(2). Let f(i) = 34*i**2 - 20*i**2 + 3 - 13*i**2 - v*i. What is f(2)?
1
Let d(r) = -r**3 - 3*r**2 + 54*r + 10. Let p(v) = v**3 + 6*v**2 - 40*v - 186. Let g be p(-4). What is d(g)?
10
Let p(c) = c**3 + 2*c**2 - 3*c. Suppose 3283 - 937 = -17*y. Let r = -141 - y. Calculate p(r).
0
Let v(t) = 11 + 15*t**2 + 7 - 16. Let j be v(1). Suppose -4*l = 3*r - 6*l + 18, -2*r - j = -3*l. Let i(z) = -z**3 - 5*z**2 - 6*z - 3. Give i(r).
5
Let q be (-2)/4 + (-5)/(-2). Let w(v) = -5*v**q + 0*v**3 - 2*v + v - v**3 + 4. Suppose -5*f = 5*k + 15, -4*f - 233 + 218 = 5*k. Calculate w(k).
-11
Let o(p) = 30*p + 129. Let r(h) = -h - 4. Let i(l) = o(l) + 33*r(l). Suppose -w = 4*v + 9, 2*w - 5*v - 16 = 5. Determine i(w).
-12
Let l(n) = -n + 15. Suppose 11 = -5*a + 6*a. Suppose a - 2 = j. Suppose 4*y = q + 2 - 11, -j = -q + 2*y. Calculate l(q).
6
Suppose -4*i + 3*g - 27 = 0, 2*i + 2*g - 9 = -g. Let v(c) be the second derivative of -1/3*c**3 + 0 + 7*c + 1/3*c**4 + 1/10*c**5 - c**2. Calculate v(i).
-14
Let z = -10 + -77. Let l = -90 - z. Let x(w) = -w**2 - 5*w - 9. Let n be x(l). Let m(o) = -2*o**2 - 4*o. Give m(n).
-6
Let z(k) = -k**2 - 4*k - 2. Let r be (-4)/(-6) - 78/(-18). Suppose -11 = -2*s - 6*t + r*t, -2*t = -s + 18. Let i be s/(-10)*5/2. What is z(i)?
2
Let n be (3/(-9))/(5*(-14)/(-210)). Let a(q) = -25*q**3 - q - 2. Calculate a(n).
24
Let w = 495 - 493. Suppose -2*c + 15 - 5 = 0. Suppose -c*p = -4*p + w. Let r(t) = -t**3 - t**2 + 2*t + 3. Give r(p).
3
Suppose -20 = -c - 4*c. Suppose -3*u = l - 18, -c*l + 4*u = -0*u - 8. Let v(z) = -12 - 6 - 6*z + 25 + z**2. What is v(l)?
7
Let w(r) be the third derivative of 5/12*r**4 + 1 - 2/15*r**5 - 1/120*r**6 + 0*r**3 + 44*r**2 + 0*r. Calculate w(-9).
-9
Let z(p) = 3*p**2 - 18*p + 18. Let b(s) = s**2 - 6*s + 6. Let m(h) = -7*b(h) + 2*z(h). Suppose 7 = 8*x - 233. Suppose 14*j - x = 8*j. Calculate m(j).
-1
Let r be 7*(-1 + 18/14). Let a(n) = n - 5. Let p be a(r). Let h(l) = -2*l + 2*l + 4143 - l - 4141. What is h(p)?
5
Suppose 0 = n - 9, -w + 3*n + 345 - 359 = 0. Let f(j) = j**3 - 11*j**2 - 27*j - 12. Determine f(w).
-25
Let w(p) be the first derivative of p**5/120 - p**4/24 + p**3/3 + 7*p**2/2 - 171. Let u(r) be the third derivative of w(r). What is u(-5)?
-6
Let q be -3 + (6 + -58)/4. Let j(x) = 8*x + 121. Let u be j(q). Let i(z) = 11 - 1 + z + 0*z. What is i(u)?
3
Let n(i) = 64*i - 3. Let l(p) = -85*p + 3. Let j(f) = -3*l(f) - 4*n(f). What is j(-6)?
9
Let q(i) = -i**3 + 14*i**2 - 35*i + 10. Let g be ((-22)/4)/((-157)/314). Calculate q(g).
-12
Let a(i) = -4*i + 5. Let l(j) = j**3 + 2 + 8*j**2 + 12*j**2 + 32*j - 2*j**2 - 6. Suppose 32*h = -222 - 290. Let q be l(h). What is a(q)?
21
Let m be 1/(2*8/(-112)). Let j(b) = 12*b - 3. Let g(h) = -5*h + 1. Let i(n) = m*g(n) - 3*j(n). Calculate i(-9).
11
Suppose 1 + 7 = 4*v. Suppose -3*z - 1 = -0*g - g, v*g + 8 = -4*z. Let j(y) be the third derivative of -y**5/60 - y**4/24 - y**3/6 + y**2 - 299. What is j(g)?
-3
Let o(t) = t + 17. Let j be o(-10). Let z(p) = -j + p + 19 - 8. Let h be z(2). Let s(u) = u - 1. What is s(h)?
5
Let d(s) be the third derivative of -13*s**2 + 1/240*s**6 + 0*s**3 + 0 - 5/12*s**4 + 0*s**5 + 0*s. Let o(t) be the second derivative of d(t). What is o(-2)?
-6
Let p(i) = 3*i**3 - 10*i**2 + i - 10. Let o(q) = 2*q**2 + 19*q + 45. Let h be o(-4). Let b(r) = 2*r**2 + 2. Let v(z) = h*p(z) + 5*b(z). Give v(-1).
-4
Let v be 89 - 82 - 1*(3 - 1). Suppose 2*q - v*u + 2 = -9, -2*q - 3 = 3*u. Let t(c) = c**2 + 2*c - 1. What is t(q)?
2
Let t be 33/(-5) + (24/(-10))/(-4). Let x(w) = w**2 + 20*w + 75. Let l be x(t). Let c(o) = -o**2 - 10*o - 5. Determine c(l).
4
Let k(g) = -g + 1. Let d be k(3). Let t(p) be the third derivative of p**6/120 + p**5/12 + p**4/24 + p**3/6 - 482*p**2. Determine t(d).
11
Let k(z) = -2*z**2 + 29*z + 11. Suppose 0 = -307*s + 1473 + 3132. Give k(s).
-4
Let a(g) = g**2 + 9*g - 3. Let s(l) = -l**2 - 9*l + 4. Let x(v) = -4*a(v) - 3*s(v). Let f be x(-9). Let m(r) = f*r**2 - r**2 + 0 - r + 1 + 7*r. What is m(7)?
-6
Let x(h) be the first derivative of 7*h**2/2 - 30*h + 108. Determine x(-9).
-93
Let x = 75 - 78. Let k(g) = g**3 + g**2 + 1. Let z(u) = -4*u**3 - 8*u**2 - 4*u - 2. Let r = -14 - -15. Let c(t) = r*z(t) + 3*k(t). Determine c(x).
-5
Let z(a) = 57*a + 6492. Let p be z(-114). Let v(l) = l**3 + 10*l**2 + 24*l - 8. What is v(p)?
-8
Let w(m) = 14*m**2 - 2*m + 67. Let x(k) = -56*k**2 + 9*k - 283. Let d(v) = 17*w(v) + 4*x(v). Give d(-3).
127
Let n(w) be the third derivative of 5*w**4/12 - 145*w**3/3 + 4131*w**2. What is n(29)?
0
Suppose 4*n - 7 = 3*n. Suppose -10 = -4*b + 10. Let t(u) = -2 - b*u**2 + 4*u**2 + n*u - 2*u. Determine t(4).
2
Let z = -